 t(y) = -y**3 + 7*y**2 - 7*y - 7. Let m be t(n). Let h = m - -23. Does 10 divide h?
True
Is 24 a factor of (-1)/((-4)/224) - 2?
False
Suppose 0*o + 30 = o - 3*k, 0 = 2*o + k - 25. Does 9 divide o?
False
Let q(i) be the third derivative of -i**6/120 - i**5/10 + i**4/3 + 3*i**3/2 + 2*i**2. Let k be q(-7). Let v(h) = 2*h**3 + 2*h**2 - 4*h + 2. Does 18 divide v(k)?
True
Is 9 a factor of 630/7*1/1?
True
Let j(p) = -5*p**2 + 2. Let z(s) = -11*s**2 - s + 4. Let y(x) = 13*j(x) - 6*z(x). Let v be y(-6). Does 16 divide (-31)/(1 - 4/v)?
False
Let t = -22 + 71. Is 7 a factor of t?
True
Does 12 divide 2/(6/45) + -3?
True
Suppose -4*d = 4, 4*n - 7*d + 2*d + 19 = 0. Let a = -4 - n. Does 2 divide a?
True
Let k(d) = d**2 - 5*d + 4. Let f be k(5). Suppose f*j + 5*b + 9 = 0, 14 = -4*j + 4*b + 50. Suppose 22 + 22 = 5*v - m, -4*m = -j*v + 48. Is v a multiple of 3?
False
Does 15 divide 5/((-75)/(-6)) - 3792/(-20)?
False
Let m(c) = -c**2 - 2*c + 2. Let g be m(-2). Suppose -2*k - 23 - 1 = -4*l, g*l = -5*k - 12. Let t = k - -31. Is t a multiple of 9?
True
Suppose 455 = 4*t - 9. Is t a multiple of 15?
False
Suppose -5*j - 2*h - 13 = 0, 5 = 2*j - 2*h - 1. Let y be -1*(-1)/j + 1. Suppose p = -n + 22, y = 2*p + 2 - 8. Is 10 a factor of n?
False
Does 20 divide (289/85)/(2/10) + 3?
True
Suppose -2*u + 187 = 3*h, 0 = -0*u - 4*u + h + 353. Is u a multiple of 32?
False
Let c(q) = -q**2 - 10*q - 12. Let t be c(-8). Suppose -t*y + y = 2*n - 16, -5*n - y + 53 = 0. Does 11 divide n?
True
Let f = 7 - 3. Let o be (3 - 52/12)*-6. Does 4 divide (o/10)/(f/30)?
False
Let l(f) = 20*f - 12. Is l(2) a multiple of 14?
True
Let i(x) = -4*x + 3. Is 11 a factor of i(-2)?
True
Suppose -3 = -3*v + 75. Let j = 7 + -5. Suppose -5*t + 207 + v = -j*o, 2*t = 5*o + 110. Is 15 a factor of t?
True
Let f = 100 + -40. Is f a multiple of 3?
True
Suppose h = -4*z - 17, 5*h - 22 = 2*z + h. Let i = 11 + z. Is i a multiple of 6?
True
Let b(v) = -8*v - 6. Let x be b(3). Is (x/50)/((-1)/45) a multiple of 15?
False
Suppose -2*x + 1 = -5. Suppose 0 = -x*z + 15, 3*b - 1 - 13 = -4*z. Is 5 a factor of (b/(-6))/(1/21)?
False
Suppose -5*w + 3*w + 12 = 0. Let h = -4 + w. Suppose -h*p = -5*m + 59, 3*p + 6 = -0*p. Is m a multiple of 11?
True
Let r(a) = 3*a**2 - 33*a + 24. Does 33 divide r(16)?
True
Suppose 1 = 4*i - 31. Let x = 10 - i. Is 18 a factor of (-1*x)/((-4)/38)?
False
Suppose 2*z + 3*w - 5 = 0, 4*w + 2 + 2 = 0. Suppose 6*f - z*f - 10 = 0. Is 5 a factor of f?
True
Let l be 4/2*(-84)/(-8). Suppose -l + 156 = -3*a. Let z = a + 65. Is 10 a factor of z?
True
Suppose z - 3*l + 66 = 2*z, 5*l + 370 = 5*z. Is 20 a factor of z?
False
Is 85/5 + -2 + 3*-1 a multiple of 4?
True
Let j(h) = h**2 - 5*h + 52. Does 56 divide j(21)?
False
Let p(f) = -2*f - 8 + 6 - 4. Does 7 divide p(-9)?
False
Let z = -3 - -5. Suppose -2*t - 4 = 0, -z*t - t = -5*v + 16. Let p = 2 + v. Does 4 divide p?
True
Let z = -27 - -14. Let w be 21 + -1 + 0 + 0. Let h = w - z. Is h a multiple of 11?
True
Let v(n) = 3*n + 4. Let u be 65/25 - (-2)/5. Let d be v(u). Suppose -5*c + z + 14 = -z, c + 3*z - d = 0. Does 2 divide c?
True
Is (3 - 0)*6/9 a multiple of 2?
True
Let a(j) be the second derivative of j**5/20 + 7*j**4/12 + 2*j**3/3 - 5*j**2/2 + j. Is 7 a factor of a(-6)?
True
Let q be 466/4 + (-12)/(-8). Suppose -m - 4*m - 66 = -x, -3*x + q = m. Is 13 a factor of x?
False
Let h(t) = 75*t - 10. Does 13 divide h(1)?
True
Let n(o) = -o**2 - 24*o + 28. Does 42 divide n(-14)?
True
Let m(b) = -13*b + 1. Let q be m(-1). Suppose -76 - q = -3*k. Is 15 a factor of k?
True
Let n be (-2)/(-2) - (1 - 1). Does 4 divide (4 - 4) + 7/n?
False
Let v(f) = 5*f - 10. Let b be v(7). Suppose 0 = o + 4*p - 8, o + 5 - b = 2*p. Does 16 divide o?
True
Let l be 1/3 + (-3)/9. Suppose l = -7*s + 3*s + 8. Does 2 divide s?
True
Let d be ((-8)/5)/(2/(-5)). Suppose 3*v + f - 112 = 0, 3*f - 16 = -d. Does 19 divide v?
False
Let p be -2 + (1 - -10 - 2). Let o = p - -7. Suppose -3*j = -55 - o. Does 10 divide j?
False
Suppose -4*l + 108 = -0*l. Suppose 2*r - 31 = l. Is r a multiple of 13?
False
Suppose -2*x = x - 117. Suppose 0 = -3*q + x - 12. Suppose 5*j + q = u, 0 = -5*u - j + 4 + 15. Is 4 a factor of u?
True
Let t(q) = 6*q + 1 + 8*q**2 + 1 - 2*q + 0*q. Let f be t(-2). Suppose -3*k = -f + 2. Is 5 a factor of k?
False
Suppose 2*r - 3 = 1. Suppose 0*h + 8 = 2*h, -4*v - r*h = 0. Let f = 21 - v. Is 8 a factor of f?
False
Let t(d) = -d**2 - 6*d + 4. Let s be t(-5). Suppose -3*r + 25 = 4*f, -2*r + s*f - 4*f = 14. Does 2 divide r?
False
Suppose 0 = 2*o - 276 + 72. Is o a multiple of 34?
True
Let u(x) = -x**2 + 7*x + 10. Does 14 divide u(4)?
False
Let i = -8 - -11. Suppose -2*x + 44 = 2*x + 4*q, 39 = i*x + 5*q. Suppose -x*z = -7*z - 33. Does 13 divide z?
False
Suppose 0*r - 4*r = -n + 25, 0 = 3*r + 6. Suppose 0 = v - 8 - n. Is 5 a factor of v?
True
Let k = 3 + 144. Is k a multiple of 21?
True
Let g(z) = -3*z - 7. Let x be -1 - (1 + 12/3). Is 11 a factor of g(x)?
True
Let q = 226 + -110. Does 35 divide q?
False
Let o = -97 - -146. Suppose -f + o - 16 = 0. Does 12 divide f?
False
Let m(w) = 0*w - 2*w - w - 2. Is 7 a factor of m(-3)?
True
Let h(t) = 5*t**2 - t. Suppose -1 + 4 = 3*g. Let m be h(g). Suppose 0 = -m*l + 21 + 7. Is l a multiple of 3?
False
Does 7 divide (-76)/(2/(-7) - 55/77)?
False
Suppose -5*m + 234 = -791. Suppose 6*h = h + m. Does 13 divide h?
False
Suppose -11*y - 9 + 141 = 0. Is y a multiple of 6?
True
Let x = 81 + -57. Is 4 a factor of x?
True
Suppose 6*p + 252 = 12*p. Does 6 divide p?
True
Suppose -y + 3*c + 34 = -0*c, 0 = -y + 5*c + 34. Is y a multiple of 21?
False
Is (45/(-6) + 0)*(-512)/40 a multiple of 12?
True
Let x(i) = -i**2 - i - 1. Let p(h) = 8*h**2 - 5*h - 4. Let g(o) = p(o) - 5*x(o). Suppose 12 + 0 = 4*a, 4*f = -3*a + 5. Is 10 a factor of g(f)?
False
Suppose -4*z + 7 = -5. Suppose 1 = 3*d + 4. Is 6/(-4)*(d - z) a multiple of 6?
True
Does 7 divide 13/5*(7 + -2)?
False
Let a = -32 - -48. Is a a multiple of 15?
False
Suppose 2*n - 368 = -3*g, 4*g + n = g + 364. Does 22 divide g?
False
Let f(y) = -y**3 + 5*y**2 - 5. Let b be f(4). Suppose 4*n + 12 = -8, -3*n - b = 2*p. Suppose -r - 92 = -5*r - 5*i, p*r - 46 = 3*i. Is r a multiple of 7?
False
Suppose -3*k + 294 = 5*a, -126 = -2*a + 4*k - k. Is a a multiple of 6?
True
Let u(h) = 35*h + 3. Let m be u(-2). Let i = 30 + m. Let c = 5 - i. Does 20 divide c?
False
Let p(f) = 6*f - 6. Let w be p(4). Suppose 2*c = -c + 6. Suppose v - w = c. Is v a multiple of 10?
True
Let t = -28 + 29. Suppose -3*n + 34 = -y, -n - 3*y = t + 1. Does 5 divide n?
True
Suppose -500 = 2*u - 6*u. Suppose -3*j - 147 = -3*b, 4*b - 2*j = -u + 319. Suppose -3*g + b = -3*t, -2*t = 1 - 5. Is 12 a factor of g?
False
Suppose -h + 0*h - 37 = 0. Let x = h - -25. Does 5 divide -1 - x - (2 - 2)?
False
Suppose 4*o - 33 = -h, -3*o + 81 = 4*h - 103. Does 4 divide h?
False
Let a = 2 + 3. Suppose -3*h - 7 = a. Let t = 25 - h. Does 10 divide t?
False
Suppose 2*j + 123 + 45 = 3*w, 0 = -3*w + 3*j + 168. Is 10 a factor of w?
False
Suppose -h + 2*u + 28 = 0, u - 2*u = -h + 31. Is 7 a factor of h?
False
Let k be (2 - 1)/(-1) - -5. Suppose k*d + 18 = -5*h + d, h = 5*d - 26. Is ((-45)/h + 1)*2 a multiple of 11?
False
Let u be (-1 + 3)/(-1) - -15. Suppose g + i - 2 = 0, 3*g - 8 - u = 2*i. Suppose 3*v + p + 4*p = -10, g*v = 5*p + 50. Is 5 a factor of v?
True
Let a(y) = 4*y - 59. Does 2 divide a(23)?
False
Let a be 111*-1*2/(-3). Suppose a = 2*i - 30. Does 23 divide i?
False
Let r = 197 - 126. Suppose 5*u - 6*u + r = 0. Is 17 a factor of u?
False
Let w = -39 - -47. Is w a multiple of 4?
True
Suppose 20 = -5*r, 3*s + 0*s + 3*r = 3. Suppose 75 = -0*k + s*k - 3*n, -5*k + 95 = n. Is k a multiple of 18?
True
Let m(q) = q**3 - q**2 - 4*q + 288. Is m(0) a multiple of 8?
True
Suppose -3*c = 3*k - 3, 3*k - 5*c + 6 = 17. Suppose 2*h + 0*h - k*d = -12, -d = h. Does 14 divide (69 + h)*4/6?
False
Suppose -o = 3*o - 3*c - 256, o = -2*c + 53. Does 17 divide o?
False
Let n = 3 + -3. Let x = n - -2. Suppose 0*m = -m + x*c + 12, -4*c - 90 = -5*m. Is m a multiple of 11?
True
Is 4 a factor of (5/(-4))/((-11)/176)?
True
Suppose 0 = 2*g - 8 - 2, u - 200 = -4*g. Is 20 a factor of u?
True
Let v(i) = -2*i + 6. Is v(-8) a multiple of 11?
True
Let j(g) = -9*g**3 - 3*g**2 - 2*g - 1. Is 17 a factor of j(-3)?
True